{"id":253,"date":"2019-07-30T21:24:01","date_gmt":"2019-07-30T20:24:01","guid":{"rendered":"http:\/\/www.mitsl.com\/?page_id=253"},"modified":"2019-07-30T21:28:40","modified_gmt":"2019-07-30T20:28:40","slug":"cerraduras-electronicas-y-cajas-fuertes","status":"publish","type":"page","link":"https:\/\/www.mitsl.com\/?page_id=253","title":{"rendered":"Cerraduras Electr\u00f3nicas Y cajas fuertes."},"content":{"rendered":"\n<p>Somos distribuidores oficiales en la zona norte de Omnitec l\u00edder en el sector de cerraduras electr\u00f3nicas y cajas fuertes.<\/p>\n\n\n\n<p>Las plataformas on-line de alquiler de viviendas para alojamiento vacacional de corta estancia han transformado el mercado de apartamentos tur\u00edsticos. Una gesti\u00f3n remota ya es posible con el sistema Rent&amp;Pass de Omnitec.<br><br>Su&nbsp;<strong>sistema de gesti\u00f3n remoto<\/strong>&nbsp;evita a propietario y hu\u00e9sped concertar una cita para entregar las llaves mec\u00e1nicas tradicionales. Una vez confirmada la reserva, el propietario del&nbsp;<strong>apartamento tur\u00edstico<\/strong>&nbsp;env\u00eda una llave electr\u00f3nica al hu\u00e9sped con una validez ajustada a la reserva contratada.<strong>SECTOR<\/strong>Centros sanitariosEdificios institucionalesEspacios de trabajoHoteles y hospitalityViviendas vacacionales<\/p>\n\n\n\n<ul class=\"wp-block-list\"><li><a href=\"https:\/\/www.omnitecsystems.es\/productos\">Productos<\/a><ul><li><a href=\"https:\/\/www.omnitecsystems.es\/productos\/rent-pass\">Rent&amp;Pass &#8211; Viviendas Vacacionales<\/a><\/li><\/ul><\/li><\/ul>\n\n\n\n<p>&nbsp;\t\t\t\t\t\t\tNombre de la A a la Z&nbsp;\t\t\t\t\t\t\tNombre de la Z a la A&nbsp;\t\t\t\t\t\t\tPor defecto&nbsp; \t\t\t\t\t\tSeleccione ordenaci\u00f3n<\/p>\n\n\n\n<figure class=\"wp-block-image\"><img decoding=\"async\" src=\"https:\/\/www.omnitecsystems.es\/img\/personalizacion\/omnitec\/products\/list\/Cerradura-Apartamento-Turistico.jpg\" alt=\"Cerradura Apartamento Turistico FLAT\"\/><\/figure>\n\n\n\n<p><a href=\"https:\/\/www.omnitecsystems.es\/productos\/rent-pass\/cerradura-electronica-apartamento-turistico\">Cerradura Apartamento Turistico FLAT<\/a><\/p>\n\n\n\n<figure class=\"wp-block-image\"><img decoding=\"async\" src=\"https:\/\/www.omnitecsystems.es\/img\/personalizacion\/omnitec\/products\/list\/Cilindro-Electronico-Apartamento-Turistico.jpg\" alt=\"Cilindro Electronico X-RP\"\/><\/figure>\n\n\n\n<p><a href=\"https:\/\/www.omnitecsystems.es\/productos\/rent-pass\/cilindro-electronico-viviendas-vacacionales\">Cilindro Electronico X-RP<\/a><\/p>\n\n\n\n<figure class=\"wp-block-image\"><img decoding=\"async\" src=\"https:\/\/www.omnitecsystems.es\/img\/personalizacion\/omnitec\/products\/list\/Control-Acceso-Vivienda-Vacacional.jpg\" alt=\"Control de Acceso Digit\"\/><\/figure>\n\n\n\n<p><a href=\"https:\/\/www.omnitecsystems.es\/productos\/rent-pass\/control-acceso-teclado-apartamento-turistico\">Control de Acceso Digit<\/a><\/p>\n\n\n\n<figure class=\"wp-block-image\"><img decoding=\"async\" src=\"https:\/\/www.omnitecsystems.es\/img\/personalizacion\/omnitec\/products\/list\/Control-Acceso-Opak-Vivienda-Vacacional.jpg\" alt=\"Control de Acceso Opak\"\/><\/figure>\n\n\n\n<p><a href=\"https:\/\/www.omnitecsystems.es\/productos\/rent-pass\/control-acceso-apartamento-turistico\">Control de Acceso Opak<\/a><\/p>\n\n\n\n<figure class=\"wp-block-image\"><img decoding=\"async\" src=\"https:\/\/www.omnitecsystems.es\/img\/personalizacion\/omnitec\/products\/list\/Gateway-Vivienda-Vacacional.jpg\" alt=\"Gateway On-Line\"\/><\/figure>\n\n\n\n<p><a href=\"https:\/\/www.omnitecsystems.es\/productos\/rent-pass\/gateway-apartamento-turistico\">Gateway On-Line<\/a><\/p>\n\n\n\n<figure class=\"wp-block-image\"><img decoding=\"async\" src=\"https:\/\/www.omnitecsystems.es\/img\/personalizacion\/omnitec\/products\/list\/Cerradura-Electrica-Dupla.jpg\" alt=\"Cerradura El\u00e9ctrica Dupla\"\/><\/figure>\n\n\n\n<p><a href=\"https:\/\/www.omnitecsystems.es\/productos\/rent-pass\/cerradura-electrica-vivienda-vacacional\">Cerradura El\u00e9ctrica Dupla<\/a><\/p>\n\n\n\n<figure class=\"wp-block-image\"><img decoding=\"async\" src=\"https:\/\/www.omnitecsystems.es\/img\/personalizacion\/omnitec\/products\/list\/control-acceso-gsm-apartamento-turistico.jpg\" alt=\"Control de Acceso GSM\"\/><\/figure>\n\n\n\n<p><a href=\"https:\/\/www.omnitecsystems.es\/productos\/rent-pass\/control-acceso-gsm-apartamentos-turisticos\">Control de Acceso GSM<\/a><\/p>\n\n\n\n<hr class=\"wp-block-separator\"\/>\n\n\n\n<figure class=\"wp-block-image\"><img decoding=\"async\" src=\"https:\/\/www.omnitecsystems.es\/img\/personalizacion\/omnitec\/paginas\/viviendas-vacacionales\/rent-and-pass.svg\" alt=\"Rent&amp;Pass\"\/><\/figure>\n\n\n\n<p>Apertura con Bluetooth o C\u00f3digo de Acceso<\/p>\n\n\n\n<p>Rent&amp;Pass aporta sencillez, comodidad y seguridad, tanto para el arrendatario como para el hu\u00e9sped, con una gesti\u00f3n on-line.&nbsp;<\/p>\n\n\n\n<p>El sistema Rent&amp;Pass permite gestionar los permisos de acceso a la vivienda en periodos ajustados al alquiler contratado. Del mismo modo, si al marcharse el hu\u00e9sped debe entrar un servicio de limpieza o mantenimiento para acondicionar la vivienda, el propietario puede otorgar permisos para una determinada franja horaria a la persona que ejecute la tarea.&nbsp;<\/p>\n\n\n\n<figure class=\"wp-block-image\"><img decoding=\"async\" src=\"https:\/\/www.omnitecsystems.es\/img\/personalizacion\/omnitec\/paginas\/viviendas-vacacionales\/llave-electronica.svg\" alt=\"Llave electr\u00f3nica\"\/><\/figure>\n\n\n\n<h2 class=\"wp-block-heading\">LLAVE ELECTR\u00d3NICA<\/h2>\n\n\n\n<p>Env\u00edo de llaves electr\u00f3nicas v\u00eda APP en cualquier lugar y momento.<\/p>\n\n\n\n<figure class=\"wp-block-image\"><img decoding=\"async\" src=\"https:\/\/www.omnitecsystems.es\/img\/personalizacion\/omnitec\/paginas\/viviendas-vacacionales\/codigo-de-acceso-numerico.svg\" alt=\"C\u00f3digo de acceso num\u00e9rico\"\/><\/figure>\n\n\n\n<h2 class=\"wp-block-heading\">C\u00d3DIGO DE ACCESO NUM\u00c9RICO<\/h2>\n\n\n\n<p>Aperturas v\u00eda c\u00f3digo num\u00e9rico sin instalaci\u00f3n de APP.<\/p>\n\n\n\n<figure class=\"wp-block-image\"><img decoding=\"async\" src=\"https:\/\/www.omnitecsystems.es\/img\/personalizacion\/omnitec\/paginas\/viviendas-vacacionales\/gestion-en-tiempo-real.svg\" alt=\"Gesti\u00f3n en tiempo real\"\/><\/figure>\n\n\n\n<h2 class=\"wp-block-heading\">GESTI\u00d3N EN TIEMPO REAL<\/h2>\n\n\n\n<p>Borrado en remoto, bloquea y borra llaves enviadas en cualquier momento.<\/p>\n\n\n\n<figure class=\"wp-block-image\"><img decoding=\"async\" src=\"https:\/\/www.omnitecsystems.es\/img\/personalizacion\/omnitec\/paginas\/viviendas-vacacionales\/accesos-auditables.svg\" alt=\"Accesos auditables\"\/><\/figure>\n\n\n\n<h2 class=\"wp-block-heading\">ACCESOS AUDITABLES<\/h2>\n\n\n\n<p>Registro de accesos para cada cerradura y cada usuario.<\/p>\n\n\n\n<figure class=\"wp-block-image is-resized\"><img loading=\"lazy\" decoding=\"async\" src=\"https:\/\/www.omnitecsystems.es\/img\/personalizacion\/omnitec\/paginas\/viviendas-vacacionales\/gestion-codigos-acceso.svg\" alt=\"Gesti\u00f3n de c\u00f3digos de acceso\" width=\"21\" height=\"32\"\/><\/figure>\n\n\n\n<h2 class=\"wp-block-heading\">GESTI\u00d3N DE C\u00d3DIGOS DE ACCESO<\/h2>\n\n\n\n<p>C\u00f3digo con propiedades personalizadas, se puede eliminar en cualquier momento.<\/p>\n\n\n\n<figure class=\"wp-block-image\"><img decoding=\"async\" src=\"https:\/\/www.omnitecsystems.es\/img\/personalizacion\/omnitec\/paginas\/viviendas-vacacionales\/funcion-de-alertas.svg\" alt=\"Funci\u00f3n de alertas\"\/><\/figure>\n\n\n\n<h2 class=\"wp-block-heading\">FUNCI\u00d3N DE ALERTAS<\/h2>\n\n\n\n<p>Notificaci\u00f3n de alertas en tiempo real, seguridad y protecci\u00f3n.<\/p>\n\n\n\n<figure class=\"wp-block-image\"><img decoding=\"async\" src=\"https:\/\/www.omnitecsystems.es\/img\/personalizacion\/omnitec\/paginas\/viviendas-vacacionales\/propietario-1.png\" alt=\"Reserva Confirmada\"\/><\/figure>\n\n\n\n<p><a href=\"\">Reserva Confirmada<\/a><\/p>\n\n\n\n<p>Genera y env\u00eda la Llave Electr\u00f3nica y el C\u00f3digo de Acceso para el hu\u00e9sped.<\/p>\n\n\n\n<figure class=\"wp-block-image\"><img decoding=\"async\" src=\"https:\/\/www.omnitecsystems.es\/img\/personalizacion\/omnitec\/paginas\/viviendas-vacacionales\/propietario-2.png\" alt=\"Estancia\"\/><\/figure>\n\n\n\n<p><a href=\"\">Estancia<\/a><\/p>\n\n\n\n<p>Puede anular cualquier Llave y\/o C\u00f3digo en cualquier momento. Informe de aperturas.<\/p>\n\n\n\n<figure class=\"wp-block-image\"><img decoding=\"async\" src=\"https:\/\/www.omnitecsystems.es\/img\/personalizacion\/omnitec\/paginas\/viviendas-vacacionales\/propietario-3.png\" alt=\"Fin de la Estancia\"\/><\/figure>\n\n\n\n<p><a href=\"\">Fin de la Estancia<\/a><\/p>\n\n\n\n<p>Env\u00edo de Llave Electr\u00f3nica y\/o C\u00f3digo al personal de mantenimiento, limpieza, lavander\u00eda, etc.<\/p>\n\n\n\n<h3 class=\"wp-block-heading\">Seguridad y control sin desplazamientos<\/h3>\n\n\n\n<p>Como propietario, el sistema Rent&amp;Pass le permite enviar al hu\u00e9sped llaves electr\u00f3nicas y c\u00f3digos para acceder a la vivienda, abrir el portal, acceder al garaje y a cualquier otra zona que pueda controlar con un control de acceso mural. Puede anular y borrar las llaves y c\u00f3digos en cualquier momento desde su plataforma de administrador.&nbsp;<\/p>\n\n\n\n<figure class=\"wp-block-image\"><img decoding=\"async\" src=\"https:\/\/www.omnitecsystems.es\/img\/personalizacion\/omnitec\/paginas\/viviendas-vacacionales\/huesped-1.png\" alt=\"Reserva Confirmada\"\/><\/figure>\n\n\n\n<p><a href=\"\">Reserva Confirmada<\/a><\/p>\n\n\n\n<p>Recibe la Llave y el C\u00f3digo en su Smartphone<\/p>\n\n\n\n<figure class=\"wp-block-image\"><img decoding=\"async\" src=\"https:\/\/www.omnitecsystems.es\/img\/personalizacion\/omnitec\/paginas\/viviendas-vacacionales\/huesped-2.png\" alt=\"Estancia\"\/><\/figure>\n\n\n\n<p><a href=\"\">Estancia<\/a><\/p>\n\n\n\n<p>Puede abrir el portal y el apartamento con un C\u00f3digo o con su Smartphone<\/p>\n\n\n\n<figure class=\"wp-block-image\"><img decoding=\"async\" src=\"https:\/\/www.omnitecsystems.es\/img\/personalizacion\/omnitec\/paginas\/viviendas-vacacionales\/huesped-3.png\" alt=\"Fin de la Estancia\"\/><\/figure>\n\n\n\n<p><a href=\"\">Fin de la Estancia<\/a><\/p>\n\n\n\n<p>Su Llave y su C\u00f3digo caducan en la fecha y hora estipulada en sus condiciones de alquiler<\/p>\n\n\n\n<h3 class=\"wp-block-heading\">Procesos sencillos, clientes satisfechos<\/h3>\n\n\n\n<p>No importa la hora de llegada prevista ni los retrasos inesperados, el cliente antes de salir de su casa ya tiene la llave de acceso tanto para el portal como para la vivienda. Con la APP el cliente accede con su smartphone y disfruta de una experiencia c\u00f3moda y sencilla. Para evitar posibles inconvenientes de bater\u00eda o cobertura, Rent&amp;Pass permite apertura por c\u00f3digo pin, que el cliente recibe al mismo tiempo que la llave.<\/p>\n\n\n\n<p><\/p>\n","protected":false},"excerpt":{"rendered":"<p>Somos distribuidores oficiales en la zona norte de Omnitec l\u00edder en el sector de cerraduras electr\u00f3nicas y cajas fuertes. Las [&hellip;]<\/p>\n","protected":false},"author":1,"featured_media":0,"parent":0,"menu_order":0,"comment_status":"closed","ping_status":"closed","template":"","meta":{"site-sidebar-layout":"default","site-content-layout":"","ast-site-content-layout":"default","site-content-style":"default","site-sidebar-style":"default","ast-global-header-display":"","ast-banner-title-visibility":"","ast-main-header-display":"","ast-hfb-above-header-display":"","ast-hfb-below-header-display":"","ast-hfb-mobile-header-display":"","site-post-title":"","ast-breadcrumbs-content":"","ast-featured-img":"","footer-sml-layout":"","ast-disable-related-posts":"","theme-transparent-header-meta":"","adv-header-id-meta":"","stick-header-meta":"","header-above-stick-meta":"","header-main-stick-meta":"","header-below-stick-meta":"","astra-migrate-meta-layouts":"default","ast-page-background-enabled":"default","ast-page-background-meta":{"desktop":{"background-color":"var(--ast-global-color-5)","background-image":"","background-repeat":"repeat","background-position":"center center","background-size":"auto","background-attachment":"scroll","background-type":"","background-media":"","overlay-type":"","overlay-color":"","overlay-opacity":"","overlay-gradient":""},"tablet":{"background-color":"","background-image":"","background-repeat":"repeat","background-position":"center center","background-size":"auto","background-attachment":"scroll","background-type":"","background-media":"","overlay-type":"","overlay-color":"","overlay-opacity":"","overlay-gradient":""},"mobile":{"background-color":"","background-image":"","background-repeat":"repeat","background-position":"center center","background-size":"auto","background-attachment":"scroll","background-type":"","background-media":"","overlay-type":"","overlay-color":"","overlay-opacity":"","overlay-gradient":""}},"ast-content-background-meta":{"desktop":{"background-color":"var(--ast-global-color-4)","background-image":"","background-repeat":"repeat","background-position":"center center","background-size":"auto","background-attachment":"scroll","background-type":"","background-media":"","overlay-type":"","overlay-color":"","overlay-opacity":"","overlay-gradient":""},"tablet":{"background-color":"var(--ast-global-color-4)","background-image":"","background-repeat":"repeat","background-position":"center center","background-size":"auto","background-attachment":"scroll","background-type":"","background-media":"","overlay-type":"","overlay-color":"","overlay-opacity":"","overlay-gradient":""},"mobile":{"background-color":"var(--ast-global-color-4)","background-image":"","background-repeat":"repeat","background-position":"center center","background-size":"auto","background-attachment":"scroll","background-type":"","background-media":"","overlay-type":"","overlay-color":"","overlay-opacity":"","overlay-gradient":""}},"footnotes":""},"class_list":["post-253","page","type-page","status-publish","hentry"],"_links":{"self":[{"href":"https:\/\/www.mitsl.com\/index.php?rest_route=\/wp\/v2\/pages\/253","targetHints":{"allow":["GET"]}}],"collection":[{"href":"https:\/\/www.mitsl.com\/index.php?rest_route=\/wp\/v2\/pages"}],"about":[{"href":"https:\/\/www.mitsl.com\/index.php?rest_route=\/wp\/v2\/types\/page"}],"author":[{"embeddable":true,"href":"https:\/\/www.mitsl.com\/index.php?rest_route=\/wp\/v2\/users\/1"}],"replies":[{"embeddable":true,"href":"https:\/\/www.mitsl.com\/index.php?rest_route=%2Fwp%2Fv2%2Fcomments&post=253"}],"version-history":[{"count":4,"href":"https:\/\/www.mitsl.com\/index.php?rest_route=\/wp\/v2\/pages\/253\/revisions"}],"predecessor-version":[{"id":258,"href":"https:\/\/www.mitsl.com\/index.php?rest_route=\/wp\/v2\/pages\/253\/revisions\/258"}],"wp:attachment":[{"href":"https:\/\/www.mitsl.com\/index.php?rest_route=%2Fwp%2Fv2%2Fmedia&parent=253"}],"curies":[{"name":"wp","href":"https:\/\/api.w.org\/{rel}","templated":true}]}}