{"id":614,"date":"2023-01-16T09:23:41","date_gmt":"2023-01-16T08:23:41","guid":{"rendered":"https:\/\/www.mitsl.com\/?page_id=614"},"modified":"2024-10-05T12:45:44","modified_gmt":"2024-10-05T11:45:44","slug":"bilbao-bizkaia-alava-guipuzkoa-ticketbai-batuz-tpv","status":"publish","type":"page","link":"https:\/\/www.mitsl.com\/?page_id=614","title":{"rendered":"Bilbao-Bizkaia-Alava-Guipuzkoa Ticketbai \/ Batuz \/Tpv"},"content":{"rendered":"\n<p><\/p>\n\n\n\n<p>Cumplir la ley y actualizar tu negocio es fac\u00edl.<\/p>\n\n\n\n<h2 class=\"wp-block-heading\" id=\"block-b9cdbdf4-3a16-44fc-ad8c-9cc13cbff1c5\">Somos expertos en TPV<\/h2>\n\n\n\n<p id=\"block-e903ed2f-9736-4ab4-a7a0-9c54a0d9e838\">En nuestra oficina de Bilbao podr\u00e1s experimentar qu\u00e9 es tener un restaurante o cafeter\u00eda digitalizados. Prueba el TPV t\u00e1ctil de Pos con las impresoras y las comanderas inal\u00e1mbricas. <\/p>\n\n\n\n<p id=\"block-e903ed2f-9736-4ab4-a7a0-9c54a0d9e838\">\u00a1Tomar las notas a mano es cosa del pasado! Integrar un sistema digital en hosteler\u00eda te permitir\u00e1 minimizar los errores, las mermas y las p\u00e9rdidas econ\u00f3micas en tu negocio.<\/p>\n\n\n\n<p>Somos distribuidores de los mejores fabricantes de TPV<\/p>\n\n\n\n<p>Distribuidor<a href=\"https:\/\/www.googleadservices.com\/pagead\/aclk?sa=L&amp;ai=DChcSEwigrJTghvnwAhVM0-0KHdP2C-YYABABGgJkZw&amp;ae=2&amp;ohost=www.google.com&amp;cid=CAESQeD27YM7NOYZUp2pcBNcAA62AD9V4YFNX4hs5INd0Qet5aEEt0rG28tcnSOMF5oOjkloZQ3_-sGBwdKU_UFNMFOp&amp;sig=AOD64_0lpMEBfaHr3aPtv9O6DkCxbn8R9A&amp;q&amp;adurl&amp;ved=2ahUKEwio74zghvnwAhWWRUEAHdaDAGgQ0Qx6BAgCEAE\">&nbsp;<\/a>Oficial<a href=\"http:\/\/bdp.es\/\">&nbsp;<\/a><a href=\"https:\/\/www.bdpcenter.com\/\">https:\/\/www.bdpcenter.com\/<\/a><\/p>\n\n\n\n<p><a href=\"http:\/\/www.bdpcenter.com\/\">Bdp \u2013 Sistema homologado Ticketbai<\/a><\/p>\n\n\n\n<p><a href=\"https:\/\/www.factorypos.com\/es\/home-29\/\">Factory Pos-<\/a><\/p>\n\n\n\n<p id=\"block-0c2d4495-de1e-4190-90f6-8d4945d4b84f\"><strong>Pide tu demo sin compromiso.<\/strong><\/p>\n\n\n\n<p id=\"block-9a3a4182-212b-4711-8fd6-7426fb170a05\"><a href=\"mailto:clientes@mitsl.com\">clientes@mitsl.com<\/a>&nbsp; o al telefono 944 130 880<\/p>\n\n\n\n<p>o por whatsapp<\/p>\n\n\n\n<figure class=\"wp-block-image is-resized\"><a href=\"https:\/\/api.whatsapp.com\/send?phone=34629547864\"><img loading=\"lazy\" decoding=\"async\" width=\"194\" height=\"214\" src=\"https:\/\/www.mitsl.com\/wp-content\/uploads\/2021\/03\/whatsapp-icon-1.png\" alt=\"\" class=\"wp-image-366\" style=\"width:70px;height:auto\"\/><\/a><\/figure>\n\n\n\n<figure class=\"wp-block-image size-full\"><a href=\"https:\/\/www.mitsl.com\/wp-content\/uploads\/2024\/10\/CASHLOGY-FRONTAL-web-536358.png\"><img loading=\"lazy\" decoding=\"async\" width=\"536\" height=\"358\" src=\"https:\/\/www.mitsl.com\/wp-content\/uploads\/2024\/10\/CASHLOGY-FRONTAL-web-536358.png\" alt=\"\" class=\"wp-image-657\" srcset=\"https:\/\/www.mitsl.com\/wp-content\/uploads\/2024\/10\/CASHLOGY-FRONTAL-web-536358.png 536w, https:\/\/www.mitsl.com\/wp-content\/uploads\/2024\/10\/CASHLOGY-FRONTAL-web-536358-300x200.png 300w\" sizes=\"auto, (max-width: 536px) 100vw, 536px\" \/><\/a><\/figure>\n","protected":false},"excerpt":{"rendered":"<p>Cumplir la ley y actualizar tu negocio es fac\u00edl. Somos expertos en TPV En nuestra oficina de Bilbao podr\u00e1s experimentar [&hellip;]<\/p>\n","protected":false},"author":1,"featured_media":0,"parent":0,"menu_order":0,"comment_status":"closed","ping_status":"closed","template":"","meta":{"site-sidebar-layout":"default","site-content-layout":"","ast-site-content-layout":"default","site-content-style":"default","site-sidebar-style":"default","ast-global-header-display":"","ast-banner-title-visibility":"","ast-main-header-display":"","ast-hfb-above-header-display":"","ast-hfb-below-header-display":"","ast-hfb-mobile-header-display":"","site-post-title":"","ast-breadcrumbs-content":"","ast-featured-img":"","footer-sml-layout":"","ast-disable-related-posts":"","theme-transparent-header-meta":"","adv-header-id-meta":"","stick-header-meta":"","header-above-stick-meta":"","header-main-stick-meta":"","header-below-stick-meta":"","astra-migrate-meta-layouts":"default","ast-page-background-enabled":"default","ast-page-background-meta":{"desktop":{"background-color":"var(--ast-global-color-5)","background-image":"","background-repeat":"repeat","background-position":"center center","background-size":"auto","background-attachment":"scroll","background-type":"","background-media":"","overlay-type":"","overlay-color":"","overlay-opacity":"","overlay-gradient":""},"tablet":{"background-color":"","background-image":"","background-repeat":"repeat","background-position":"center center","background-size":"auto","background-attachment":"scroll","background-type":"","background-media":"","overlay-type":"","overlay-color":"","overlay-opacity":"","overlay-gradient":""},"mobile":{"background-color":"","background-image":"","background-repeat":"repeat","background-position":"center center","background-size":"auto","background-attachment":"scroll","background-type":"","background-media":"","overlay-type":"","overlay-color":"","overlay-opacity":"","overlay-gradient":""}},"ast-content-background-meta":{"desktop":{"background-color":"var(--ast-global-color-4)","background-image":"","background-repeat":"repeat","background-position":"center center","background-size":"auto","background-attachment":"scroll","background-type":"","background-media":"","overlay-type":"","overlay-color":"","overlay-opacity":"","overlay-gradient":""},"tablet":{"background-color":"var(--ast-global-color-4)","background-image":"","background-repeat":"repeat","background-position":"center center","background-size":"auto","background-attachment":"scroll","background-type":"","background-media":"","overlay-type":"","overlay-color":"","overlay-opacity":"","overlay-gradient":""},"mobile":{"background-color":"var(--ast-global-color-4)","background-image":"","background-repeat":"repeat","background-position":"center center","background-size":"auto","background-attachment":"scroll","background-type":"","background-media":"","overlay-type":"","overlay-color":"","overlay-opacity":"","overlay-gradient":""}},"footnotes":""},"class_list":["post-614","page","type-page","status-publish","hentry"],"_links":{"self":[{"href":"https:\/\/www.mitsl.com\/index.php?rest_route=\/wp\/v2\/pages\/614","targetHints":{"allow":["GET"]}}],"collection":[{"href":"https:\/\/www.mitsl.com\/index.php?rest_route=\/wp\/v2\/pages"}],"about":[{"href":"https:\/\/www.mitsl.com\/index.php?rest_route=\/wp\/v2\/types\/page"}],"author":[{"embeddable":true,"href":"https:\/\/www.mitsl.com\/index.php?rest_route=\/wp\/v2\/users\/1"}],"replies":[{"embeddable":true,"href":"https:\/\/www.mitsl.com\/index.php?rest_route=%2Fwp%2Fv2%2Fcomments&post=614"}],"version-history":[{"count":5,"href":"https:\/\/www.mitsl.com\/index.php?rest_route=\/wp\/v2\/pages\/614\/revisions"}],"predecessor-version":[{"id":659,"href":"https:\/\/www.mitsl.com\/index.php?rest_route=\/wp\/v2\/pages\/614\/revisions\/659"}],"wp:attachment":[{"href":"https:\/\/www.mitsl.com\/index.php?rest_route=%2Fwp%2Fv2%2Fmedia&parent=614"}],"curies":[{"name":"wp","href":"https:\/\/api.w.org\/{rel}","templated":true}]}}